{"id":876,"date":"2022-03-04T06:33:37","date_gmt":"2022-03-04T06:33:37","guid":{"rendered":"https:\/\/wfuca.mx\/?page_id=876"},"modified":"2026-01-16T07:28:57","modified_gmt":"2026-01-16T07:28:57","slug":"bases-legales","status":"publish","type":"page","link":"https:\/\/wfuca.mx\/index.php\/bases-legales\/","title":{"rendered":"Bases legales"},"content":{"rendered":"<section class=\"kc-elm kc-css-590159 kc_row\"><div class=\"kc-row-container  kc-container\"><div class=\"kc-wrap-columns\"><div class=\"kc-elm kc-css-912026 kc_col-sm-12 kc_column kc_col-sm-12\"><div class=\"kc-col-container\"><div class=\"kc-elm kc-css-398984\" style=\"height: 40px; clear: both; width:100%;\"><\/div>\n<div class=\"kc-elm kc-css-783919 kc-title-wrap \">\n\n\t<h1 class=\"kc_title\">Bases legales<\/h1>\n<\/div>\n<div class=\"kc-elm kc-css-981182\" style=\"height: 40px; clear: both; width:100%;\"><\/div><div class=\"kc-elm kc-css-55676 kc_text_block\"><\/p>\n<p>\nLos signos, nombres y logos de WFUCA han sido registrados legalmente, y que sean usados total, parcialmente o que resultara ser semejante en grado de confusi\u00f3n, sin autorizaci\u00f3n correspondiente, incurren en la prohibici\u00f3n prevista por la fracci\u00f3n VII del art\u00edculo 90 de la ley de la propiedad industrial, as\u00ed como el art\u00edculo 6 ter del convenio de Par\u00eds para la protecci\u00f3n de la propiedad industrial, organizaci\u00f3n internacional reconocida oficialmente, no pudiendo, por tanto, ser usado por terceros sin autorizaci\u00f3n correspondiente del titular legal de las marcas: FEDERACI\u00d3N MEXICANA DE CLUBES, CENTROS Y ASOCIACIONES UNESCO y la WORLD FEDERATION OF CLUBS CENTERS AND ASSOCIATIONS IN AMERICA. El titular de una marca puede utilizarla para s\u00ed mismo o bien conceder el uso de la misma a terceros mediante contratos como licencias y recibir a cambio el pago de regal\u00edas, como asociaci\u00f3n civil sin fines de lucro y para ayuda humanitaria mundial.<\/p>\n<p>Asimismo, los registros de marca 1984212 corresponden a la FEDERACI\u00d3N MEXICANA DE CLUBES, CENTROS Y ASOCIACIONES UNESCO (WFUCA M\u00e9xico\u00ae) y los registros de marca 2116426 WORLD FEDERATION OF CLUBS CENTERS AND ASSOCIATIONS IN AMERICA\u00ae (WFUCA\u00ae), proh\u00edbe que cualquier signo usado que resultara ser semejante en grado de confusi\u00f3n o que pretendiera distinguir servicios similares, lo anterior con fundamento en el art\u00edculo 90 fracci\u00f3n XVIII de la ley de la propiedad industrial del Instituto Mexicano de la Propiedad Industrial.<\/p>\n<p>Emplear elementos protegidos por marcas comerciales (CopyRight \u00a9 o Marca Registrada M.R.\u00ae) sin permiso o autorizaci\u00f3n por escrito por parte de la representante legal de los registros 1984212 y 2116426, como lo estipulado como un delito de car\u00e1cter internacional que incurre en la prohibici\u00f3n prevista por el art\u00edculo 90, fracci\u00f3n IX, de la ley de la propiedad industrial del instrumento constitutivo de la organizaci\u00f3n mundial de la propiedad intelectual (OMPI), fue firmado en Estocolmo el 14 de julio de 1967, c\u00f3digo de Viena 26.01.05, 07.01.08, 07.01.12, 27.05.01, 27.05.05, 27.05.10, 29.01.04.<\/p>\n<p>\n<\/div><div class=\"kc-elm kc-css-208573\" style=\"height: 125px; clear: both; width:100%;\"><\/div><\/div><\/div><\/div><\/div><\/section>\n","protected":false},"excerpt":{"rendered":"","protected":false},"author":1,"featured_media":0,"parent":0,"menu_order":0,"comment_status":"closed","ping_status":"closed","template":"tpl-king_composer.php","meta":{"footnotes":""},"class_list":["post-876","page","type-page","status-publish","hentry"],"jetpack_sharing_enabled":true,"_links":{"self":[{"href":"https:\/\/wfuca.mx\/index.php\/wp-json\/wp\/v2\/pages\/876","targetHints":{"allow":["GET"]}}],"collection":[{"href":"https:\/\/wfuca.mx\/index.php\/wp-json\/wp\/v2\/pages"}],"about":[{"href":"https:\/\/wfuca.mx\/index.php\/wp-json\/wp\/v2\/types\/page"}],"author":[{"embeddable":true,"href":"https:\/\/wfuca.mx\/index.php\/wp-json\/wp\/v2\/users\/1"}],"replies":[{"embeddable":true,"href":"https:\/\/wfuca.mx\/index.php\/wp-json\/wp\/v2\/comments?post=876"}],"version-history":[{"count":5,"href":"https:\/\/wfuca.mx\/index.php\/wp-json\/wp\/v2\/pages\/876\/revisions"}],"predecessor-version":[{"id":1055,"href":"https:\/\/wfuca.mx\/index.php\/wp-json\/wp\/v2\/pages\/876\/revisions\/1055"}],"wp:attachment":[{"href":"https:\/\/wfuca.mx\/index.php\/wp-json\/wp\/v2\/media?parent=876"}],"curies":[{"name":"wp","href":"https:\/\/api.w.org\/{rel}","templated":true}]}}